(r) = 24*r - 1. Is d(z) a composite number?
False
Suppose 4*p - 19 = -3. Suppose 4*y + 196 = 2*j, p*y = 3*j + 97 - 399. Is j a prime number?
False
Suppose -3*r = -6*r - 189. Is (-1652)/r - 4/18 a composite number?
True
Suppose 2*k = -2*k. Suppose 0 = 2*x, -5*m = -k*x + x - 5. Is (4/(-2))/m - -89 prime?
False
Suppose -m + 1 = -13. Suppose 22 = 4*q + 2*i, -3*q - 3*i = -2*i - m. Suppose -q*p + x + 88 = -x, 0 = -x - 5. Is p a composite number?
True
Suppose 0 = -2*s - 8, -s = 2*u + 18 - 86. Let k = 59 - u. Is k composite?
False
Let i(t) = 335*t**2 - t - 1. Is i(-1) composite?
True
Let h(j) = -174*j - 1. Let l be h(-1). Suppose -30 = -s + l. Is s a prime number?
False
Suppose 0*z = -z + 20. Suppose 5*p - z = -0*p. Suppose 179 + 33 = p*o. Is o a prime number?
True
Let n be (-8342)/(-22) - 4/22. Let p be n/2 + (-1)/(-2). Suppose -5*t - 3*r + p = 0, -t - 4*r + 125 = 2*t. Is t composite?
True
Suppose -3*q = -2*m - 481, q + q = -m + 323. Is q composite?
True
Let m be (2*-1 - -3) + -3. Let x be (-2 - m) + -2 + 17. Suppose -l - 2*b = -x, 0*b = -l + 2*b + 27. Is l prime?
False
Let z(b) = -16*b + 1. Let n(p) = p + 11. Let j be n(-5). Let w(h) = h - 8. Let t be w(j). Is z(t) a composite number?
True
Let d(o) be the second derivative of -o + 2*o**2 + 0 + 1/12*o**4 - 1/2*o**3. Is d(5) prime?
False
Let j(i) = -i - 8. Let s be j(-7). Is 4 + (-2 - s - 0) a composite number?
False
Is (-4)/(-12) + 770/3 a prime number?
True
Suppose 0 = 2*x + 35 + 93. Let a = x - -149. Is a a composite number?
True
Let q = 17 + -9. Is q/16 + 522/4 composite?
False
Let v(d) = -d**2 - d - 1. Let x(a) be the second derivative of 3*a**5/20 - a**4/4 + 7*a**3/6 - 2*a. Let c(r) = 2*v(r) + x(r). Is c(3) composite?
True
Suppose 49*p - 48*p = 419. Is p composite?
False
Suppose -2*s + 2*n = -18, -2*s + 16 = -n + 3. Suppose -s*a - v = 0, -v = 4*a + a. Suppose l + a*l = 19. Is l a prime number?
True
Let w = 9 - 6. Suppose -3*l + 313 = t + t, w*t - 2*l = 437. Is t composite?
False
Let o(l) = 6*l**2 - 6*l + 11. Is o(6) a composite number?
False
Is -2 - (0 + -714) - (-16 + 19) prime?
True
Let z = -1 - -96. Is z prime?
False
Suppose 4*p + 0*p - 3176 = -5*x, 0 = -5*x. Is p a composite number?
True
Suppose 2*n = 4*n + 12. Is n*(38/(-4))/1 a composite number?
True
Let x(v) be the second derivative of v**4/12 + v**2/2 + v. Let g be x(6). Suppose -2 = n - g. Is n a prime number?
False
Suppose -6221 = -7*k - 712. Is k a composite number?
False
Suppose -l = -0*i - 4*i + 13963, -3*l = -2*i + 6979. Is i a composite number?
False
Let i(n) = n**2 + 7*n + 10. Let w be i(7). Let a = w + 37. Is a a prime number?
False
Let j(o) = -3*o - 4. Let t be j(-4). Is 10/(-5*t/(-460)) a prime number?
False
Let a(p) be the first derivative of -p**3/3 + 163*p + 1. Let o = -69 + 69. Is a(o) prime?
True
Suppose -40 = -7*b + 3*b. Let g be (-6 - (-1 + 0))*(-8)/(-10). Let a = g + b. Is a a composite number?
True
Suppose -21 = 3*h - 2*o, 6*o = 3*h + 5*o + 18. Is 5/h + 3*1 composite?
False
Let b(s) = 4*s**2 + 2*s + 1. Let t be b(-1). Suppose -17 + t = -2*a. Is a a prime number?
True
Let n be (-3 + 3)/(1/1). Suppose 3*p + 15 + 111 = n. Let i = p + 73. Is i prime?
True
Let c = -78 + 181. Is c a prime number?
True
Let t(b) = -1 + 0*b**2 + 8*b - 27*b**3 + b**2 - 10*b. Is t(-2) a composite number?
False
Suppose j - 10 = -j. Suppose 2*b + j*n - 45 = -2*b, 15 = 5*b - 2*n. Suppose 0 = -2*r + b*r - 237. Is r prime?
True
Let v(f) = f**2 + 13*f - 7. Suppose 9 + 0 = -r. Let x be v(r). Let z = -20 - x. Is z a composite number?
False
Suppose 0 - 1 = 4*f - 5*w, -14 = -4*f + 2*w. Suppose -k + f = -4*k. Is (-15)/(-9) + k/(-6) a composite number?
False
Let g(u) = u**3 - 3*u**2 + 2*u - 2. Let p be g(3). Suppose -q + 36 = k, 5*q - p*k - 90 = 3*q. Is q prime?
False
Let u(l) = l**3 + l**2 - 4*l + 4. Let p be u(3). Suppose 3*h - p = -h. Let g(t) = 3*t - 8. Is g(h) composite?
False
Suppose -11*j + 572 = -7*j. Is j a prime number?
False
Let b(y) = -4*y**2 - 2*y + 5*y**3 + 1 + 2 - y**2. Let x be b(4). Suppose g - 320 = -4*h - g, 3*h = g + x. Is h prime?
True
Let o(z) = -z**3 + 3*z**2 - z - 1. Let b be o(2). Is (-133)/14*(-9 - b) a composite number?
True
Suppose -3*w - 2*w - 20 = 0. Let h be -2 - (-6 + 2 + w). Suppose -q + h*q = 265. Is q composite?
False
Let v be 4/18 + 47300/180. Let y = v + -102. Is y a prime number?
False
Suppose -4*r = -8*r + 28. Suppose n + 5 = 0, r*n - 2*n = -x + 186. Is x prime?
True
Let d = 4 + 3. Let m(n) = 44*n + 9. Is m(d) composite?
False
Is 2*((-425)/(-2) + 1) a prime number?
False
Let g(f) = -f**3 - 4*f**2 + 8*f + 5. Let o be g(-5). Suppose -4*i + 20 = 0, i - 56 = -3*a - 0*i. Let v = o + a. Is v composite?
False
Suppose a - 697 = 5*n - 4294, 717 = n + a. Is n a prime number?
True
Let j = -5 + 9. Let c = 8 - j. Suppose c*p - 17 = -5*x + 97, 5*x = -3*p + 88. Is p composite?
True
Suppose p + 3*y - 24 = -2*p, 5*p = -4*y + 37. Suppose 0 = f + p, 5*a + 5*f - 894 + 129 = 0. Suppose 30 = x + i, a = 5*x + i - 4*i. Is x composite?
False
Suppose 3*r - 13 = -2*y, 2*r - 7*r = 5*y - 25. Is 634 + 4 - r/1 prime?
False
Suppose 2226 = 5*b - 1364. Is b a prime number?
False
Suppose 2116 = -10*g + 14*g. Is g prime?
False
Suppose -2*y + 5*y - 1385 = -m, -4*m + 5540 = -5*y. Is m a composite number?
True
Let l = 177 - 126. Suppose -l = 3*c - c - b, 0 = 5*c - 3*b + 130. Let u = 70 + c. Is u a prime number?
True
Let s(q) = 84*q. Suppose -i = 2*c - 5, -3*c - 8*i + 10 = -4*i. Let l be s(c). Suppose -2*n + 3*f = -35 - 34, 5*n = 3*f + l. Is n a composite number?
True
Let d(y) = 3*y**2 + y + 9. Let w(b) = -2*b**2 - 8. Let i(x) = 3*d(x) + 4*w(x). Is i(-8) a prime number?
False
Let u(r) = 6*r - 7. Let s(t) = -12*t + 13. Let b(d) = -3*s(d) - 5*u(d). Is b(5) a composite number?
True
Suppose 3*f - f = -4*t + 20, -2 = -2*t + 3*f. Suppose -t*c = 3*d - 37, -c - 5 = -4*d - 0*d. Let i = 4 + c. Is i a composite number?
False
Let g = 44 - -930. Is g prime?
False
Suppose -66 + 10 = -4*q. Let p = 63 - q. Is p a prime number?
False
Is (1045/20)/((-2)/(-8)) a composite number?
True
Let v(y) = y**2 - 10*y + 12. Let p be v(9). Let j be (-117 - -1 - -2)/(-1). Suppose 0 = p*r - j - 321. Is r prime?
False
Suppose 4*u + 4469 = 5*s, -1788 = -2*s - 0*s + 2*u. Is s composite?
True
Is (-238)/(-4) + 7/(-14) prime?
True
Suppose 2*o - 5*y = 321, -5*o + 5*y - y + 811 = 0. Is o a composite number?
False
Let a = 2076 + 951. Is a a prime number?
False
Suppose 2*q = 6*q - 8. Let o be -4 + 5 - -24*q. Suppose -3*f + o = -2*r + 172, f = 2*r - 117. Is r a composite number?
True
Suppose -2*o - 2*o - 212 = 0. Let k = o + 102. Is k composite?
True
Let j = 32 - -233. Is j prime?
False
Let s(t) = t**3 - 5*t**2 - 7*t + 3. Let q be s(6). Let o be q + (-138)/(-1) + -1. Let i = 265 - o. Is i a composite number?
False
Suppose -v - 5 = 4*v, 127 = 4*q + 5*v. Is q composite?
True
Suppose -4*n = -0*n + p - 1345, -4*n = -4*p - 1320. Is n composite?
True
Let w(d) = 4*d**3 + 4*d**2 - 7*d - 5. Let x be w(-4). Let o be (0 - x) + -3 + 5. Suppose 4*t - t - o = 0. Is t a prime number?
False
Suppose 8*j - 172 = 7*j. Is j/2 - (-1)/1 composite?
True
Suppose i = -0*i + 1087. Is i prime?
True
Let t(j) = -j**2 - 5*j - 5. Let g be t(-7). Let d = 300 + g. Suppose -623 = -4*h + 2*v - 231, -5*v = 3*h - d. Is h a prime number?
True
Suppose 2*d = 6*d + 8. Let o = 4 + d. Suppose o*y = 124 + 18. Is y prime?
True
Suppose 2*q = -3*q. Suppose q = 5*h + 26 - 6, 0 = v - h + 224. Is (14/8)/((-3)/v) a composite number?
True
Let w = -2 - -2. Suppose w = -p + 16 + 61. Is p a prime number?
False
Let v(g) = -1 + 0 + 3 - 17*g. Is v(-3) a composite number?
False
Let k(o) be the third derivative of o**6/120 + o**5/12 - o**4/8 + 7*o**3/6 + 4*o**2. Is k(-5) composite?
True
Suppose 0 = 4*h - 2*r - 6481 + 1113, -3*h = 4*r - 4037. Is h a composite number?
True
Suppose 0 = 3*y - 4*g - 86, -y + g + 3*g = -42. Is y composite?
True
Let n(x) be the third derivative of 0 + 1/12*x**4 + 5/6*x**3 + 2*x**2 + 0*x. Is n(8) a prime number?
False
Let j(s) = -67*s + 3. Is j(-10) a prime number?
True
Suppose -5*a - 2*o + 3111 = 0, 7*a - 4*a - 2*o = 1873. Is a composite?
True
Let g = 48 - 105. Let t = 94 + g. Is t a composite number?
False
Let o(s) = -6*s. Let r be o(2). Is 272/6 + (-8)/r a composite number?
True
Suppose 2*i = 3*s + 37, -4*i = 2*s - 4*s - 86. L